 is b - 60?
-54
In base 13, what is c6 - -46?
13c
In base 8, what is -11176 + 140?
-11036
In base 10, what is -5 - 638705?
-638710
In base 2, what is 1000001000 + -110100010?
1100110
In base 11, what is 1a - 4a8?
-489
In base 9, what is -36 + -75?
-122
In base 7, what is -53240614 + -4?
-53240621
In base 16, what is -1 + -2736?
-2737
In base 16, what is 1 - 24f4?
-24f3
In base 7, what is -253 - 326?
-612
In base 8, what is -7 + 65042?
65033
In base 16, what is -b3e + e5?
-a59
In base 7, what is 143 - -506?
652
In base 8, what is -120 - 4114?
-4234
In base 5, what is 2 - 1402022?
-1402020
In base 16, what is 1507 - -25?
152c
In base 14, what is -1 + -a62?
-a63
In base 5, what is -3 + -2232324?
-2232332
In base 14, what is b0 + -1?
ad
In base 6, what is 3113 + 420?
3533
In base 15, what is 7 - 2432?
-242a
In base 7, what is 351 + 566?
1250
In base 10, what is -26328 - 3?
-26331
In base 10, what is -4 - -488710?
488706
In base 13, what is -13 + -819b?
-81b1
In base 5, what is 100 - -1212?
1312
In base 4, what is -123223 + 10?
-123213
In base 5, what is -1133 - -34?
-1044
In base 14, what is 423 + 15?
438
In base 8, what is 74 - 17511?
-17415
In base 2, what is -1010 - 1100001111001111110?
-1100001111010001000
In base 7, what is 2 + -423436?
-423434
In base 15, what is -b - 182?
-18d
In base 2, what is -111 + -1101100111100?
-1101101000011
In base 16, what is -3 + -4c4f9?
-4c4fc
In base 5, what is 4 + 23302204?
23302213
In base 16, what is 6 - 14360?
-1435a
In base 4, what is -11 + -33122?
-33133
In base 9, what is 87241 + 1?
87242
In base 11, what is -5 + 18096?
18091
In base 16, what is 39d8c - 5?
39d87
In base 6, what is -50435 + 15?
-50420
In base 6, what is 103 - -103221?
103324
In base 11, what is -1212 - 5?
-1217
In base 10, what is 29042 + -14?
29028
In base 11, what is -30744 + 1?
-30743
In base 3, what is -121120 + 21222?
-22121
In base 11, what is 703a11 - 2?
703a0a
In base 10, what is -856 + 225?
-631
In base 16, what is 16ff5 + -1e?
16fd7
In base 14, what is -2a1 + 6c4?
423
In base 8, what is -20533 + -3?
-20536
In base 5, what is -24 + -2041432?
-2042011
In base 5, what is -2 + -4301?
-4303
In base 12, what is 840 + -443?
3b9
In base 4, what is 3 - 323020233?
-323020230
In base 14, what is -8961c + 3?
-89619
In base 4, what is 233102001113 + 3?
233102001122
In base 13, what is 2b + -70c?
-6b1
In base 15, what is 2 + -44c2?
-44c0
In base 8, what is 422767 + -2?
422765
In base 12, what is -2b - -349a?
346b
In base 4, what is 21131121 - 3?
21131112
In base 12, what is 6643 + -82?
6581
In base 14, what is -137d3b + -2?
-137d3d
In base 14, what is 37c10 - 0?
37c10
In base 13, what is -59 + -2813?
-286c
In base 5, what is 1221 + -30202?
-23431
In base 2, what is -11011100010001110 - 0?
-11011100010001110
In base 3, what is 2102 - -1200200021?
1200202200
In base 13, what is 0 - -15734?
15734
In base 7, what is -422 + -24?
-446
In base 9, what is -4 + 34408?
34404
In base 3, what is 2011100220 + 10?
2011101000
In base 9, what is -2357 + -507?
-2865
In base 8, what is -31664 + 7?
-31655
In base 9, what is 3 + 57487?
57501
In base 2, what is 10001010101101111 - -10110?
10001010110000101
In base 12, what is -622 - -591?
-51
In base 4, what is -2 + -22101?
-22103
In base 6, what is 11503 - 103?
11400
In base 3, what is 1 + -1222102201?
-1222102200
In base 2, what is 10001 - 10000010100110000?
-10000010100011111
In base 6, what is 1052 + 2204?
3300
In base 16, what is -2 - -2d982?
2d980
In base 10, what is 1486845 - -3?
1486848
In base 10, what is 2 - -15374?
15376
In base 2, what is 100 - -1011100010101101?
1011100010110001
In base 15, what is 3 - 4217?
-4214
In base 16, what is -1 + -19102?
-19103
In base 5, what is 314 - 1044323?
-1044004
In base 4, what is 112 + -101020?
-100302
In base 4, what is -210010 + -30?
-210100
In base 2, what is -1001100111011011 + -100?
-1001100111011111
In base 15, what is 4 - -3e9c2?
3e9c6
In base 9, what is 185 + 3262?
3457
In base 5, what is 131343 + -11?
131332
In base 15, what is 26a + 66?
2d1
In base 4, what is 11 - 111220000?
-111213323
In base 6, what is 42 + -2305?
-2223
In base 10, what is -5 + -14196?
-14201
In base 4, what is -321302 - -31312?
-223330
In base 4, what is 301203 + 10?
301213
In base 2, what is -101011101101000111 - -1?
-101011101101000110
In base 11, what is -13943 + 7?
-13937
In base 14, what is 65 - 4a9?
-444
In base 9, what is -20600 - -173?
-20416
In base 4, what is 12113012 + 10?
12113022
In base 9, what is -470 - 16324?
-16804
In base 5, what is 134141210 + 4?
134141214
In base 15, what is 6ad + -27?
686
In base 16, what is dc - -429?
505
In base 9, what is 840 - -11?
851
In base 3, what is 10000122121 + 2?
10000122200
In base 11, what is 97 + -178?
-91
In base 7, what is 2544230 - 5?
2544222
In base 13, what is -71 - -a4b3?
a442
In base 11, what is 31 - -1045?
1076
In base 13, what is 7798c - 1?
7798b
In base 6, what is -25422 + 14?
-25404
In base 16, what is ce9 - e?
cdb
In base 4, what is -302221113 - -10?
-302221103
In base 13, what is -3286 - -28?
-325b
In base 2, what is -10110110 + -1001010101011?
-1001101100001
In base 16, what is 1f67 - -1a1?
2108
In base 4, what is -10 - -111000033?
111000023
In base 8, what is 104434 + -5?
104427
In base 14, what is -d885a0 + -5?
-d885a5
In base 15, what is -63 + -6a8a?
-6aed
In base 16, what is -a08b + 2?
-a089
In base 6, what is 5 + 21010102?
21010111
In base 14, what is 7 - -8b8?
8c1
In base 13, what is 4c8 - -2b?
526
In base 6, what is 3340 + -2332?
1004
In base 5, what is -10 + 40330414?
40330404
In base 9, what is -25 - -88451?
88425
In base 15, what is c6 - -272?
348
In base 4, what is 10030 - 12131?
-2101
In base 10, what is -5 + 187827?
187822
In base 3, what is 1111101211 - 12?
1111101122
In base 3, what is -1112012202200 + 0?
-1112012202200
In base 13, what is 2a9c9b - 2?
2a9c99
In base 11, what is a31 + 2?
a33
In base 2, what is -1000 + 11?
-101
In base 5, what is -3 + -11231304?
-11231312
In base 2, what is -10100010 + 10101100?
1010
In base 15, what is -307 - 4?
-30b
In base 16, what is 8 + -1f50?
-1f48
In base 14, what is c1 - -263?
344
In base 16, what is 11 + -d96?
-d85
In base 5, what is 4423030 - 33?
4422442
In base 14, what is 2027 - -11?
2038
In base 9, what is -3003 - 6?
-3010
In base 16, what is 5 - 39f5?
-39f0
In base 13, what is b13c - -136?
b275
In base 2, what is 101001 + -1100101010?
-1100000001
In base 10, what is -112 + 217?
105
In base 14, what is ddb - -29?
1026
In base 8, what is 122 + 31?
153
In base 13, what is -15 + -143c?
-1454
In base 11, what is -6 + 20a4?
2099
In base 2, what is -1 + 1000001100000110110?
1000001100000110101
In base 15, what is -27c7b - 4?
-27c80
In base 11, what is 4658 - 14?
4644
In base 15, what is 40218b + 4?
402190
In base 6, what is 2003 - -23?
2030
In base 12, what is -87790 - -1?
-8778b
In base 6, what is 0 - -141245?
141245
In base 3, what is -2002111000 - 1?
-2002111001
In base 3, what is -10002100010211 + 11?
-10002100010200
In base 4, what is -321100 - 22?
-321122
In base 8, what is -3 + 52626?
52623
In base 16, what is -1 - 4d02?
-4d03
In base 11, what is 12 - -102969?
102980
In base 11, what is -54 - -848?
7a4
In base 9, what is 74825 - -6?
74832
In base 4, what is -31 + 30213302?
30213211
In base 2, what is -1101001001111101 + -110?
-1101001010000011
In base 8, what is -1016740 + 3?
-1016735
In base 11, what is -39083 - -1?
-39082
In base 15, what is -2 + 2ac2?
2ac0
In base 12, what is 2 - 71789?
-71787
In base 16, what is 5 - ebb0?
-ebab
In base 10, what is 31912 - 3?
31909
In base 13, what is -11 + -16c8?
-1709
In base 16, what is d60 - 23?
d3d
In base 14, what is 384 - -b9?
45d
In base 11, what is 4607 + 4?
4610
In base 6, what is -25 + 13450?
13421
In base 3, what is -1111 - -100120210202?
100120202021
In base 4, what is 10 + -123002113?
-123002103
In base 5, what is -122 - -1344242?
1344120
In base 3, what is 102 + -102212001201?
-102212001022
In base 11, what is 3 + 5246?
5249
In base 4, what is -1031303 + 3?
-1031300
In base 4, what is -201031210 + -11?
-201031221
In base 10, what is 4 + 67595?
67599
In base 4, what is 3032 - 102223?
-33131
In base 12, what is aa911 + 3?
aa914
In base 12, what is 3784 - a8?
3698
In base 3, what is -211 - 2022100?
-2100011
